 0. Let z = 3784 + -3778. What is the remainder when a is divided by z?
5
Let v(g) = -g**2 + 6*g + 16. Let y(z) = -z**2 + 6*z + 13. Let d(j) = -5*v(j) + 6*y(j). Calculate the remainder when 106 is divided by d(5).
1
Let n(b) = 2*b + 59. Let x be n(-25). Suppose 0 = x*a - 225 - 81. Calculate the remainder when 60 is divided by a.
26
Let d = -17 + 5. Let i(v) = -27*v - 125. Let a be i(-5). Calculate the remainder when 26 is divided by (16 + d)*a/4.
6
Suppose -46*c - 8*c = 20*c - 42550. What is the remainder when c is divided by 46?
23
Let s = -7599 - -7984. What is the remainder when s is divided by 193?
192
Let k = 39 + 63. Let b be -19 + (-1 - -12) + 47. Suppose 0 = b*i - 606 - 798. What is the remainder when k is divided by i?
30
Let d = -34 - 70. What is the remainder when 113 is divided by (-30)/(-90) + d/(-3)?
8
Let c(s) = -s**2 - 18*s - 9. Let x(l) = l**3 - 8*l**2 - 3*l + 10. Let q = -26 - -34. Let f be x(q). Calculate the remainder when c(f) is divided by 10.
7
Let n(d) = -6*d**2 + 38*d - 14. Let u be n(6). What is the remainder when 3*u/(-24) + 951/4 is divided by 40?
38
What is the remainder when (2/(-4))/((-9)/(1380*-9))*-1 is divided by 24?
18
Let x be (-4)/12 - 3/(-9). Suppose -2*a + 50 + 18 = x. Let f(p) = -8*p + 93. What is the remainder when a is divided by f(11)?
4
Let n(c) be the second derivative of c**5/20 - c**4/2 + c**3/6 + c. What is the remainder when 0/(-1) + 6 + (-1 - -5) is divided by n(6)?
4
Suppose -5*l - 759 = -4*g, 3*l + g + 445 = 6*g. Let c = l + 172. What is the remainder when c is divided by 7?
3
Suppose -29*s + 16436 + 682 = 3372. What is the remainder when s is divided by 152?
18
What is the remainder when ((-8)/14)/(-2) - 2475/(-35) is divided by 152/266 + (-262)/(-7)?
33
Let u(g) = -301*g + 1118. Calculate the remainder when u(-10) is divided by 17.
14
Let x(d) = -34*d - 1. Let p be -6 + 1176 + 15/5. Let o = p - 1011. Calculate the remainder when o is divided by x(-1).
30
Suppose -5*s = j - 2443, 3*s - 9*s + 4*j + 2916 = 0. Calculate the remainder when s is divided by 49.
47
Suppose 2*d + 1230 = 2*p, -4*p + 2488 = 67*d - 64*d. Calculate the remainder when p is divided by 26.
21
Suppose -4*d + 3*d = -24. Let p be (-12 + 0)*(-14993)/58. Suppose 11*a = 33*a - p. What is the remainder when a is divided by d?
21
Suppose 4*m = 8*m + 168. Let h = m - -44. Calculate the remainder when (561/(-28) + h/7)*-4 is divided by 20.
19
Suppose 5*l + c = 11, 3*l = -2*l - 2*c + 12. Suppose 0 = -2*t + 4*w + 50, -l*w = -3 + 9. What is the remainder when 910 is divided by t?
17
Let z(s) = -s**3 + 25*s**2 + 27*s - 26. Let v be z(26). Suppose 5*a - 4*c - 2733 = v, 3*a = -c - 3*c + 1659. Calculate the remainder when a is divided by 50.
49
Suppose -3*d + 1269 = 5*i, 97*d = -4*i + 99*d + 1002. What is the remainder when 636 is divided by i?
132
Suppose 33 = 4*u - 43. Let a = u - 10. What is the remainder when (-5)/1 + 4/((-24)/(-174)) is divided by a?
6
Suppose 3*j - 369 = -120. Suppose 250*k + 220*k = 157*k + 4382. Calculate the remainder when j is divided by k.
13
Suppose 20 = 4*m - 2*w, -m - 2*w = -0*m + 5. Let l = 11702 - 11695. Calculate the remainder when l is divided by m.
1
Let m(y) = -y**3 + 3*y**2 - y + 5. Let i be m(2). Suppose -105 = -0*g + i*g. Calculate the remainder when 113 is divided by 10/g*(-207)/6.
21
Suppose 2*y - 73 = -3*m + 39, 0 = -4*y + 7*m + 250. Calculate the remainder when 2471 is divided by y.
52
Let p be (-3 - (-6 + 3))*-1. Suppose p*r = -r + 2*r. Suppose 0 = -r*y + 3*y - 123. Calculate the remainder when y is divided by 6.
5
Suppose -7*s + 2*s = -205. Suppose -4*f = -15 - s. Suppose -85*j = 18*j - 2369. Calculate the remainder when j is divided by f.
9
Let h = 1335 + -1239. What is the remainder when 449 is divided by h?
65
Let u(n) = 2*n**2 - 261*n + 2220. Let d(r) = -2*r**3 - 7*r**2 + 9*r + 1. What is the remainder when d(-6) is divided by u(9)?
28
Suppose 414*i - 28 = 407*i. Suppose -i*q - 80 = -4*h, -4*q + 118 = 4*h + h. Calculate the remainder when 108 is divided by h.
20
Suppose 94*d + 5 = 95*d. Calculate the remainder when 100 is divided by d.
0
Suppose 0 = f + 2*d - 414 - 1092, 3*f - 4578 = 4*d. What is the remainder when f is divided by 109?
101
Suppose 7688 = 79*n + 1842. What is the remainder when n is divided by 38?
36
Let k be -2 + (-1 - 4)*-12. Suppose -v = 5*o - k, -o = -4*v - 1 + 2. Calculate the remainder when 14 is divided by o.
3
Let z be (-76472)/(-154) - 3/(-7). Let l = z - 164. What is the remainder when l is divided by 21?
18
Suppose -2*g = -4*p - 114, 13 = 5*g - p - 245. Calculate the remainder when g is divided by 1 - (-1 - (-3 - -19)).
15
Suppose 17518 = 5*f + 199*r - 201*r, 5*f = 5*r + 17500. What is the remainder when f is divided by 39?
35
Suppose 5*j - o - 27 = -7, -2*j + 5*o + 8 = 0. Suppose 5*b - 4*u + 3*u = 329, 0 = -j*b + 5*u + 280. What is the remainder when 131 is divided by b?
1
Let p = 2030 - 2024. Calculate the remainder when 71 is divided by p.
5
Suppose -68 + 258 = 19*j. What is the remainder when (-732)/(-15) + 1/5 is divided by j?
9
Suppose -257 = -3*h - 5*r, 5*h - 391 = h + 3*r. Let k(b) = -7*b**2 - 6. Let i be k(-4). Let t = -99 - i. What is the remainder when h is divided by t?
18
Let h(w) = -4*w**2 - 49*w - 3. Let k be h(-12). Let y = 171 + k. What is the remainder when y is divided by 14?
12
Let k(p) = 44*p - 2780. Calculate the remainder when k(87) is divided by 39.
34
Calculate the remainder when -9*12/18 + 158 is divided by 39.
35
Let v(u) = 3*u**3 - 15*u**2 + 47*u + 4. What is the remainder when v(8) is divided by 23?
13
Let q(f) = -f**3 + 7*f**2 - 8. Let h be (-1 + 2)/(9/27). Suppose -4 = j + 3*m, 5*m + 80 = 2*j + h*j. Calculate the remainder when q(6) is divided by j.
6
Suppose -5*f + 2*f = 0. Let r(i) = i**2 - 25*i + 19. Calculate the remainder when r(f) is divided by 15.
4
Suppose -60 + 18 = 6*j. What is the remainder when 287 is divided by 16/(-3 + 1)*(5 + j)?
15
Suppose -s = 3*i - 1086 + 83, -5*i = -2*s - 1690. What is the remainder when i is divided by 324?
12
Let l = -12225 + 15547. What is the remainder when l is divided by 7?
4
Let x = -36 - -64. Let m(q) = q**2 + 11*q + 23. Let w be m(-8). Calculate the remainder when (-5389)/(-102) - 2/12*w is divided by x.
25
Suppose r - 2*m = 125 - 418, 15 = 3*m. Let g = -237 - r. Let w = 13 + -1. Calculate the remainder when g is divided by w.
10
Let d be 70 + (-1 + 0 - -1). Suppose -6*k + d = -k. What is the remainder when 62/4*2 - (-315)/(-175)*85/(-51) is divided by k?
6
What is the remainder when (-4)/66 + 1 + 988639/957 is divided by 128?
10
Let u(v) = 205*v - 1614. What is the remainder when 9904 is divided by u(8)?
24
Suppose 0 = -4*u + 1 - 5. What is the remainder when u/8*-20*(-94)/(-5) is divided by 25?
22
Let d = -257 + 257. Suppose d = -57*r + 77*r - 1060. Calculate the remainder when 61 is divided by r.
8
Let g = -1803 - -1887. Calculate the remainder when 5626 is divided by g.
82
Let k be (4 - 15) + (-3 - 1). Let v = 21 + k. Let n = 90 - 81. What is the remainder when n is divided by v?
3
Let r = 269 + -117. Suppose 3*u = 22*u - r. What is the remainder when 13 is divided by u?
5
Suppose 11*d + 46*d = 17*d + 840. Calculate the remainder when 7621 is divided by d.
19
Suppose 200*o - 196*o - 256 = 0. Let b = 79 - -366. Calculate the remainder when b is divided by o.
61
Let f(t) = -t**3 - 3*t**2 - t + 8. Let h = -42 - -39. Suppose -5*p = m - 42, 4*m - 3*p - 191 = 23. What is the remainder when m is divided by f(h)?
8
Let c(i) be the first derivative of -i**3/3 + 3*i**2/2 + 13*i - 22. Let n be c(5). Suppose n*b - 46 = -13. Calculate the remainder when 18 is divided by b.
7
Let s be 0*(9/(-4) + 2)*1. Suppose s*k = -5*k + 60. Calculate the remainder when k is divided by 5.
2
Let b(x) = -x**3 - 10*x**2 + 62*x - 16. Let y be (1 + (-20)/12)/(4/90). What is the remainder when b(y) is divided by 6?
5
Suppose q + 7*x - 4025 = 0, 3*q + 0*x - 12051 = 3*x. Calculate the remainder when q is divided by 20.
18
Let y be ((-2)/(-4)*-1)/(8/(-16)). Suppose -3*i - 8 = y. What is the remainder when -1 - (i + -1) - (-24 - 23) is divided by 11?
6
Let t(b) = 19*b**2 + 40*b + 318. What is the remainder when t(-9) is divided by 150?
147
What is the remainder when 219 is divided by (99/297)/(3/387)?
4
Suppose 0 = 2*w